4*l**2 + l - 4. What is the units digit of c(5)?
6
Let f = -41 + 71. What is the tens digit of f?
3
What is the tens digit of ((-20)/7)/((-6)/42)?
2
Let r be -160*9/(-12)*1. Suppose r = o + 4*o. Let h = -17 + o. What is the units digit of h?
7
What is the units digit of (-10 + 0)*70/(-25)?
8
Let u(p) = p + 1 - 4*p**2 - 5 + 0*p**2 + 3*p**2. Let o be u(0). Let x = o + 6. What is the units digit of x?
2
Let h be (-2)/7 + (-10)/(-35). Suppose -97 = -5*p - 3*w, h = w - 0 - 4. What is the tens digit of p?
1
Let j(h) = h**2 - 4*h + 2. Let a be j(4). Let w = 0 + a. What is the units digit of w?
2
Let z = -14 - -2. Let x be ((-18)/z)/(6/16). What is the units digit of (-2)/(-2)*(x + -1)?
3
What is the tens digit of 0 - -2 - (-261)/9?
3
Let z(s) = -5*s**3 + 6*s**2 + 11*s + 12. Let v(i) = -i**3 + i + 1. Let n(f) = -6*v(f) + z(f). Let m be n(-5). Suppose l - m = -l. What is the units digit of l?
3
Let i = -148 - -84. What is the tens digit of ((-6)/4)/(6/i)?
1
Suppose 2*a = -0 + 4. Suppose 0*p + a*p - 2*o = 2, 5*o - 31 = -p. What is the units digit of p?
6
What is the units digit of 34/187 + (-97)/(-11)?
9
What is the tens digit of 284 - (-14 + 16)*(-6)/(-4)?
8
Suppose 5*d = 5*v + 50, 12 + 14 = 3*d + v. What is the tens digit of d/3 - (-56)/2?
3
Let m be 0/((-3)/(9/3)). Suppose m = -y + 2*q + 7, 5*y - 22 = -0*q - 3*q. What is the units digit of y?
5
Let y be (3 + (-2 - 2))/(-1). Let n(v) = 10*v**3 - 1. What is the units digit of n(y)?
9
Suppose -2*p - f + 7 = 1, -3 = -p - 5*f. What is the units digit of p?
3
Let c = 19 - 0. Let a = c - -1. What is the tens digit of a?
2
Let k(j) = 6*j - 1. Let r be k(1). Suppose -3*h = -g - 32, -r*h + 42 = 3*g + g. What is the units digit of h?
0
Let o(k) = -7*k**2 + 2*k**2 - 2*k**3 + 5*k + 3*k**3. Let u be o(4). Let t = u - -7. What is the tens digit of t?
1
Suppose -10 + 5 = x. Let c = x + 10. What is the units digit of c?
5
Let v(c) = -c**3 - 5*c**2 - c - 2. Let l be v(-5). Let z be (-100)/(-12) + (-1)/l. Suppose -z = 2*m, d + 0*m = 5*m + 29. What is the units digit of d?
9
Let k = 44 - -233. What is the hundreds digit of k?
2
Let b = -121 - -165. What is the tens digit of b?
4
Let a(y) be the second derivative of -y**5/20 - 7*y**4/12 - 5*y**3/6 + 3*y**2 + y. Let d be a(-6). Suppose 4*m - 3*m - 2 = d. What is the units digit of m?
2
Suppose -5*f + 5 = d, 0 = d - 0*f + f - 17. What is the units digit of d?
0
Let w(j) = 2*j - 5. Let o be w(4). Suppose o*a - 35 = 61. What is the units digit of a?
2
Let y = 2 + 2. Suppose -2*a - 3*n + 2 = -4, -5*a + y = 2*n. Let t = a - -9. What is the units digit of t?
9
Suppose 3*f + 2*f = q - 3, -3*f = -2*q + 6. Suppose q + 3 = -y. What is the tens digit of (y*1)/(-3) - -12?
1
Let y be -11*(0 - -2)/2. Let d(f) = -f - 2. What is the units digit of d(y)?
9
Let n = -3 - -6. Suppose 4*v + 0 - 17 = -5*m, 3*v + n*m = 12. Suppose 3*b - o + 3*o - 40 = 0, -v*b + 5*o + 26 = 0. What is the tens digit of b?
1
Suppose 2*u + 79 = 3*y, 5*u = 3*y + 8 - 75. Suppose 7 = -t + y. Suppose -4*v = -5*g - 2, -t + 0 = -4*v - 5*g. What is the units digit of v?
3
Let b be -6*((-24)/9)/4. Suppose -b*a - 200 = -9*a. What is the tens digit of a?
4
What is the tens digit of 17/3*-3*-1?
1
Let t(d) = 4*d**2 + 8*d + 10. Let p(a) = 5*a**2 + 8*a + 10. Let w(v) = -3*p(v) + 4*t(v). Suppose z + 32 = -3*z. What is the tens digit of w(z)?
1
Let n be 3/7 - 94/7. Let q = -1 + -6. Let f = q - n. What is the units digit of f?
6
Let g(s) = -6*s**2 + s - 1. Let d be g(1). What is the units digit of (-68)/d - 8/24?
1
Let j(d) = -d**3 + 3*d**2 - d - 3*d**2 - 6*d**2 - 5. Let w be j(-6). What is the units digit of w/3 + (-29)/(-3)?
0
Let l(v) = -6*v + 3 + 2*v**2 - 3 + 0 + 1. What is the units digit of l(4)?
9
Let w(d) = -d**3 + 10*d**2 + 16*d - 16. What is the units digit of w(6)?
4
Let o(n) = -n - 3. Let k be o(3). Let c = 15 + k. What is the units digit of c?
9
Let v(q) = 2*q**2 - q. Suppose -3*u + 6 = 2*y - 4, 3*y - 2 = 2*u. Let r(c) = -c**2 - 1. Let o(p) = y*v(p) + 3*r(p). What is the units digit of o(-2)?
5
Suppose -t - 63 = -2*t. Suppose 2*i - 3*n - t = -0*n, n = -1. What is the units digit of i?
0
What is the units digit of ((9/(-2))/(-3))/(26/1924)?
1
Let u(n) = 5*n + 6. Let k be u(-3). What is the units digit of k/3 + 4 - -3?
4
What is the tens digit of 4/2 - (3 + -28)?
2
Suppose -2*x - 10 = -4*x. Suppose -2*q - 3*d + 10 + x = 0, 0 = 5*q + 4*d - 34. What is the units digit of q?
6
Let y(i) = -7*i. Let r(u) = -28*u - 1. Let m(x) = 2*r(x) - 9*y(x). What is the tens digit of m(2)?
1
Let c(m) = m + 5. Let r be c(-3). Suppose -2 = -r*d + 4. What is the units digit of d?
3
Suppose -72 = b - 5*b. Suppose 0 = -x + 4*x - 36. Let q = b - x. What is the units digit of q?
6
Suppose j + 3*y = -2*j + 387, 2*j - 254 = -3*y. What is the units digit of j?
3
Let j = 30 + 30. What is the tens digit of j?
6
Let w(f) = 4*f**2 - 2 - f + 2 - 2*f**2. What is the tens digit of w(-2)?
1
Let d be (3/9)/((-4)/(-12)). Let f(z) = 30*z**3 - z + 1. Let g be f(d). Suppose 0 = -y - 5*x - 0*x + 37, g = 2*y - x. What is the tens digit of y?
1
Suppose 3*a = -a + 20. Let v(n) = -n**3 + 7*n**2 - 7*n + 1. What is the tens digit of v(a)?
1
Let q(z) = -z**3 - 14*z**2 + 13*z + 20. What is the tens digit of q(-15)?
5
Suppose 0 = -0*a - 5*a + 35. Suppose -4*y + a*y = -3*r + 27, 4*r = -2*y + 42. What is the tens digit of r?
1
Let i(m) = -4*m**2 + 9*m + 4. Let c(r) = 5*r**2 - 10*r - 5. Let l(x) = 6*c(x) + 7*i(x). What is the tens digit of l(3)?
2
Let x(y) = y**3 - 8*y**2 - 1 - 6 - 5 + 8*y + 4. What is the tens digit of x(8)?
5
Let q(y) be the first derivative of -y**3/3 - 4*y**2 - y - 2. What is the units digit of q(-5)?
4
Let h = 4 - 0. Suppose 2*k - h*r + 23 = 3*k, -19 = -5*k + 4*r. What is the units digit of k?
7
Suppose -39 = 6*d - 1383. What is the hundreds digit of d?
2
Let f(p) = -p**3 + p + 3. Let x be f(0). Let v(c) = c**2 + 3. What is the tens digit of v(x)?
1
Suppose -3*v + 91 - 25 = 0. What is the units digit of v?
2
Let a = 364 + -236. What is the tens digit of a?
2
Let w = 25 + -10. Let r = w - 11. Suppose 4*v + 0*v = 2*p + 18, 3*v + r*p = -3. What is the units digit of v?
3
Let i(l) = l**3 - 2*l**2 - 5*l - 3. Let s be i(4). Suppose 8 = -r - 4*z - s, 2*z + 71 = -3*r. What is the units digit of r/(-2) + 2/(-4)?
2
Suppose -4 = 6*m - 106. Let p = 43 - m. What is the units digit of p?
6
Let u = -8 - -9. Let n = 10 + u. What is the tens digit of n?
1
Suppose 4*j + 4 = -4. Let v be j + 1 - (-16 + 2). Suppose 3*d - v - 20 = 0. What is the units digit of d?
1
Let r(o) = o**2 + 6*o - 6. Let j be r(-8). Suppose -f - f = j. Let c = 6 + f. What is the units digit of c?
1
Let b(n) = 15*n + 1. Let i be b(1). Suppose -4*s - 1 - 28 = -3*y, 2*y - i = 2*s. What is the units digit of y?
3
Let i = 0 + 4. What is the tens digit of 150/i*12/18?
2
Let p be -2 - (35 + -3) - 2. Let x = 51 + p. What is the units digit of x?
5
Let x be 554/6 - 1/3. Suppose 0 = -3*l - l + x. What is the tens digit of l?
2
Let r = 63 + -31. What is the tens digit of r?
3
Let p(r) = -2*r**2 + 6*r + 8. Let v be p(6). Let h be 3/(-2)*v/6. Suppose -2*w = -h - 23. What is the units digit of w?
5
What is the units digit of (92/6)/((-8)/(-36))?
9
Let a(r) = r + 16. Let v be a(-11). Let f = 10 - v. Suppose -f*w - 1 = 24, 3*y - 4*w = 56. What is the tens digit of y?
1
Suppose 2*o - 19 = 5*f, -4*o + 8*f = 3*f - 33. Suppose m - 5 - 3 = -3*t, -m = 2*t - o. What is the units digit of m?
5
Suppose -56 = -4*a - 3*a. Suppose 4*y + 132 = a*y. What is the tens digit of y?
3
Let f = -1 - -1. Suppose -5*d + 65 - 15 = f. Let c(g) = g**2 - 7*g - 10. What is the units digit of c(d)?
0
Let i be (-3*1)/15 + 464/20. Suppose -3 = -2*g + 3. Suppose -2*a = 2*t + 8, -g*a - a = -3*t + i. What is the units digit of t?
1
Suppose -5*i - 10 = 0, -4*y - 6 = -i + 16. Let s(n) = -5*n**2 + 0*n**3 - n**3 + 0*n**3 - 6 + 4*n. What is the units digit of s(y)?
6
Suppose 8*w + 4*l - 158 = 3*w, 148 = 4*w - 4*l. What is the units digit of w?
4
Suppose 0 = t - 3, 4*s = 2*t - 66 - 64. Let q = s + 55. Let v = q + -13. What is the units digit of v?
1
Let s = 44 - 21. What is the units digit of s?
3
Suppose -3*h + 34 = -14. Suppose 0 = -3*i - y + h, 2*y = -0*i + i + 4. What is the units digit of i?
4
Let r = 124 - 85. What is the tens digit of r?
3
Le